e prime factors of u.
41
Suppose c - 315 = -70. Suppose -5*v = -n - 67, -220*v + 215*v - 215 = 5*n. Let f = c + n. List the prime factors of f.
2, 3, 11
Suppose 4*x - 3*y - 1 - 4 = 0, -2*x + 4*y = 0. Let v be (-75)/x*(9 - 11). Let t = v - 71. What are the prime factors of t?
2
Suppose 10*j + 4522 - 4482 = 0. Let d be (24/14)/(1/(-28)). What are the prime factors of (39/9)/(j/d)?
2, 13
Let q be 1/(-4)*0 - 10/(-2). Suppose -2*u + 14 = 5*y, q*u = 4*y + y. Suppose -y*z - 2 = -h, 6*h - 5*h + 2 = 3*z. List the prime factors of h.
2, 5
Suppose 43*r - 576055 - 1086515 = -15*r. What are the prime factors of r?
3, 5, 7, 13
Suppose -3*s = -4*u + 7897, 218*s = -3*u + 213*s + 5901. What are the prime factors of u?
2, 17, 29
Suppose 0 = -3*r + 48 + 60. Suppose 5*t - 61 + r = 0. Suppose -5*w - 58 = -s - 170, 0 = t*s - 15. List the prime factors of w.
23
Suppose -v - 26 = -4. Let x be 6/(-12) - v/4. Suppose x*f - 191 + 31 = 0. What are the prime factors of f?
2
Let j(o) = -o + 13. Let y be j(-11). Suppose -17*z - 1547 = -y*z. Suppose -p - 40 = -z. What are the prime factors of p?
181
Let z = -729 - -1501. Suppose z = g - 3*j - 290, -2*j + 5395 = 5*g. List the prime factors of g.
3, 359
Let j(b) = -802*b - 4745. What are the prime factors of j(-33)?
7, 29, 107
Let z(h) = 77*h**3 + 2*h**2 - 5*h. Suppose -6*v + 3*v = -24. Let m(u) = -116*u**3 - 3*u**2 + 8*u. Let s(r) = v*z(r) + 5*m(r). List the prime factors of s(1).
37
Let m(i) = -2*i**2 - 31*i - 38. Let z(h) = h**2 - 2. Let o(d) = m(d) + z(d). What are the prime factors of o(-16)?
2, 5
Suppose -5*i + 1605 = 475. What are the prime factors of i?
2, 113
Let j(i) = -22*i**3 - 2*i**2 - 7*i + 35. Let b(s) = 65*s**3 + 7*s**2 + 21*s - 104. Let x(m) = -2*b(m) - 7*j(m). List the prime factors of x(4).
3, 509
Suppose 6*g - 54681 = 117111. What are the prime factors of g?
2, 3, 1193
Let t be (3 - 1) + 3*1. Let z = -683 - -693. List the prime factors of z/25 + 383/t.
7, 11
Let u(g) = -g**3 + 44*g**2 + 92*g. Let j be u(46). What are the prime factors of j - 4465/15*-3?
19, 47
Suppose -k + 9 + 6 = 0. Let f = k + -17. List the prime factors of 2 - (16*-4 - f).
2
Let k(p) = p**2 - 9*p + 3. Let m be k(13). Let q be (-1 - 3/(-5))/((-22)/m). What are the prime factors of 1*((-622)/(-4) + q/2)?
2, 3, 13
Suppose 4*x + 0*x = -4*x. Suppose 4*s + 3*h - 5*h - 5060 = x, -2*s - 4*h = -2540. What are the prime factors of s?
2, 3, 211
Let p(j) = -5794*j - 426. List the prime factors of p(-4).
2, 5, 7, 13
Let r = 74 - -183. Suppose -173 = 4*b + u + 413, -4*u = 8. Let m = b + r. List the prime factors of m.
3, 37
Let y = -1091 - -1094. Let x be 0/(0 - (0 - -2)). Suppose x = y*n + 4*n - 371. What are the prime factors of n?
53
Let j(a) = -34*a + 1. Let t be j(1). List the prime factors of 11/t + 982/3.
3, 109
Suppose -10*r + 21*r - 493387 + 36546 = 0. List the prime factors of r.
7, 17, 349
List the prime factors of ((-36531)/36)/((-12)/160).
2, 3, 5, 11, 41
Suppose -4*a - 3*a = 0. Let o(m) = -6*m + 45. Let y be o(-14). Suppose -p + 316 = 4*z - y, a = 5*z - 3*p - 569. List the prime factors of z.
2, 7
Let r = -231 + 238. Let l(i) = 50*i + 42. List the prime factors of l(r).
2, 7
Let f = 29 + -27. Suppose 28 = 2*z + f*z. Suppose 0 = -5*v + z*v - 236. What are the prime factors of v?
2, 59
Suppose 1911*q + 114546 + 400678 = 1919*q. List the prime factors of q.
64403
Suppose -8*r - k + 66 = -3*r, 3 = 3*k. Let x(y) be the first derivative of 9*y**2/2 - 46*y - 35. List the prime factors of x(r).
71
Suppose 5*w - 1808 = -3*y, 5*w - y = -3*y + 1807. What are the prime factors of -9 - 156/(-16) - w/(-4)?
7, 13
Suppose -3*k + 2 = 2*y - 20, -21 = -4*k - y. Suppose 8*j - 10*j - 5*x = -183, 0 = 4*x - k. List the prime factors of j.
89
Let h = -326 - -251. Let p = 143 - h. List the prime factors of p.
2, 109
Let b = -70 - -70. Suppose -4*x - 45 = 5*g, 3*x = -b*g + 3*g - 27. What are the prime factors of (-1215)/x + (3/6 - 0)?
2, 61
Let w(k) = 2*k**2 - 105*k + 56. Let q be w(52). Suppose 0 = 4*m - 3*c - 4345, q*m = 2*c + 404 + 3946. List the prime factors of m.
2, 5, 109
Suppose 3 - 5 = -r. Let p = -1644 - -1644. Suppose p = -m - r*m + 210. List the prime factors of m.
2, 5, 7
Let t(l) = -61*l**2 + 2*l. Let c = -17 + 16. Let g be t(c). Let n = 82 + g. List the prime factors of n.
19
Let l(g) = g**3 - g**2 + g - 1. Let v be l(2). Suppose 4*c - 1515 = -v*x, 0*x - 2*x + 4*c = -634. List the prime factors of x.
307
Let a(z) = -z**2 + 10*z - 10. Let t be a(10). Let x = t - -12. Suppose 476 = x*g + 48. List the prime factors of g.
2, 107
Suppose 0*z = -5*z + 18*z - 90753. What are the prime factors of z?
3, 13, 179
Suppose l = 4*l - 219. Suppose -3999 = -106*q + 3951. Suppose -q*n = -l*n - 150. List the prime factors of n.
3, 5
Let k(z) = z**3 + 11*z**2 - 2*z + 18095. List the prime factors of k(0).
5, 7, 11, 47
Let y(n) = -n**2 - 6*n + 3. Let k be y(-4). Suppose -4*s + 0*d + 11040 = -10*d, s = 5*d + 2770. Suppose s = -k*f + 22*f. What are the prime factors of f?
2, 5
Suppose -7*g + 208179 = 21*g - 186341. What are the prime factors of g?
2, 5, 1409
Let m(f) = f**3 + 11*f**2 + 2*f - 25. Let h be m(-10). Suppose 3*r - 200 = h. Suppose -5 - r = -w. List the prime factors of w.
2, 3, 5
Let w(l) = 1427*l**2 + 15*l + 31. List the prime factors of w(-3).
12829
Suppose -39*v = 4*v - 169*v + 756. Suppose 0 = -7*b + 3*b + 16. What are the prime factors of 278*v/12 - b?
3, 5
Let w = -436 - -440. Let q(l) = l**3 + 6*l**2 - 9*l + 9. List the prime factors of q(w).
7, 19
Let a(m) = m**3 + 43*m**2 - 51*m + 58. Let h(v) = 1. Let t(f) = a(f) - 6*h(f). List the prime factors of t(-44).
2, 3, 5
Suppose -115*g + 43*g = -1184184. What are the prime factors of g?
16447
Let y = -4 - -9. Suppose 0 = -5*w + 6*i - i - 10, y*w - 14 = -i. Suppose -v + 27 = 3*q + 2, -w*q = 2*v - 42. What are the prime factors of v?
19
Let s = 48 - 46. Suppose -2*m + s*b = 8, -2 = 2*m - m - 3*b. What are the prime factors of 3 + (m - -5) + 82?
5, 17
Let j = 12826 + -5854. List the prime factors of j.
2, 3, 7, 83
Let f(l) = -191*l + 2588. What are the prime factors of f(-36)?
2, 7, 13
Let s(p) = -2*p**2 - 38*p + 1. Let f be s(-19). List the prime factors of ((-310)/(-20))/(f + (-33)/36).
2, 3, 31
Let j(p) = p**2 - 11*p - 5. Let i be j(-4). Let u be (66/i)/((-2)/(-560)). Suppose 8*q = 4*q + u. What are the prime factors of q?
2, 3, 7
Let b(u) be the first derivative of -u**3/3 + 7*u**2 + 18*u + 32. Let f be b(15). Suppose -f*z = -2*z - 104. List the prime factors of z.
2, 13
Let r(d) = d**3 - 124*d**2 + 237*d + 37. What are the prime factors of r(124)?
5, 11, 107
Let t(i) = 440*i - 18 - 440*i - i**2. Let u be t(16). Let g = u + 401. List the prime factors of g.
127
Suppose -48451 - 138983 = -81*k. What are the prime factors of k?
2, 13, 89
Let a(d) = 13*d**2 - 21*d - 13. Let j be a(7). Let m = j - 326. List the prime factors of m.
151
Let z = -49 - -69. Suppose 4*r = 8*r - z. Suppose 0 = -2*f + 2*s + s + 168, 466 = r*f + 4*s. What are the prime factors of f?
2, 3, 5
Suppose v + 3*l - 3276 = 0, 3*v - 4*l - 3432 = 6396. Suppose 659 = 4*h - r - v, 2*r = h - 989. What are the prime factors of h?
983
Suppose -8 = 2*v, -4*k - 5*v = -k - 7669. Let s = k + -1309. List the prime factors of s.
2, 3, 11, 19
Let w(n) = 60*n**2 + 28*n + 106. List the prime factors of w(11).
2, 3, 1279
Let v(u) = 7*u**2 + 5*u - 114. List the prime factors of v(-21).
2, 3, 239
Suppose -3904 = 10*s + 12976. Let z = -320 - s. What are the prime factors of z?
2, 3, 19
Suppose 2*y - 10 + 3 = -u, -4*u + 5*y = -15. Let h be (u + 18)*(-2)/2. Let z = h - -48. List the prime factors of z.
5
Let b(c) = -2*c**3 - 22*c**2 - 22*c - 51. Let x(m) = -m**3 - 11*m**2 - 10*m - 25. Let i(o) = -6*b(o) + 13*x(o). List the prime factors of i(-12).
101
Let i = 24334 + -1720. What are the prime factors of i?
2, 3, 3769
Suppose -3*l + 2*t = -2*t - 1456, 3*t - 1908 = -4*l. Suppose 0 = -35*v + 32*v + l. List the prime factors of v.
2, 5
Suppose 4*i = -6*k + 2568, i + 4*k - 8*k = 653. What are the prime factors of i?
3, 5, 43
Suppose b + 191 = -5*f - 376, 2*b - 4*f = -1120. Let w = b + 810. Suppose -t + 2*d = -0*t - 62, 4*t - w = 3*d. What are the prime factors of t?
2, 31
Suppose -3*s - 5*s + 120 = 0. Suppose -s*d = -20*d + 1385. List the prime factors of d.
277